 is the greatest common factor of 956 and 1429459?
239
What is the greatest common factor of 5 and 45755?
5
What is the greatest common factor of 6 and 15387?
3
What is the highest common factor of 106 and 25069?
53
Calculate the greatest common divisor of 298 and 40826.
298
Calculate the highest common divisor of 11765945 and 4478.
2239
Calculate the greatest common factor of 1489476 and 48.
12
What is the greatest common factor of 1419549 and 498?
249
Calculate the greatest common divisor of 5723 and 1067.
97
What is the greatest common factor of 35540 and 20?
20
Calculate the greatest common factor of 110 and 15554.
22
Calculate the highest common factor of 7 and 579509.
7
What is the greatest common divisor of 46 and 1264402?
46
Calculate the highest common factor of 70100 and 40.
20
Calculate the greatest common factor of 206 and 5.
1
Calculate the greatest common divisor of 16 and 1922.
2
Calculate the highest common divisor of 64340 and 780.
20
Calculate the greatest common factor of 32868 and 1078.
22
Calculate the greatest common divisor of 256 and 14.
2
What is the greatest common factor of 33422 and 68?
34
Calculate the highest common factor of 1894477 and 122.
61
Calculate the greatest common factor of 2138 and 38.
2
What is the greatest common factor of 1254 and 3872?
22
Calculate the highest common factor of 8293 and 7.
1
What is the highest common factor of 7339 and 1969?
179
Calculate the greatest common divisor of 126 and 2352762.
18
What is the highest common divisor of 50228 and 128168?
1732
Calculate the greatest common factor of 232 and 207176.
232
What is the highest common divisor of 1115719 and 22?
11
Calculate the highest common factor of 21590 and 3638.
34
What is the greatest common divisor of 14 and 1942?
2
Calculate the highest common divisor of 130280 and 40.
40
Calculate the greatest common factor of 84 and 5064.
12
What is the highest common divisor of 993668 and 12?
4
What is the highest common factor of 3276 and 2988?
36
What is the highest common divisor of 1309 and 3689?
119
What is the greatest common factor of 12 and 4183134?
6
What is the highest common divisor of 44 and 2167?
11
What is the highest common factor of 1213279 and 109?
109
What is the highest common factor of 1784 and 824?
8
What is the highest common divisor of 10503 and 675?
27
Calculate the greatest common divisor of 75648 and 6.
6
Calculate the highest common factor of 2717 and 6578.
143
Calculate the greatest common factor of 7055 and 436580.
415
Calculate the highest common factor of 140 and 267694.
14
What is the greatest common divisor of 776487 and 282?
141
Calculate the greatest common factor of 1903 and 341.
11
What is the greatest common divisor of 1276 and 27544?
44
What is the highest common factor of 44 and 1364?
44
Calculate the greatest common divisor of 83496 and 1568.
392
What is the greatest common divisor of 4 and 28172?
4
Calculate the greatest common divisor of 10205 and 585.
65
Calculate the greatest common divisor of 10896 and 117813.
681
Calculate the highest common divisor of 518 and 3922.
74
Calculate the highest common divisor of 3034868 and 761.
761
Calculate the highest common factor of 18734 and 7106.
646
What is the highest common divisor of 15863 and 145?
29
Calculate the highest common divisor of 8763 and 48006.
381
Calculate the highest common factor of 614612 and 133.
19
What is the highest common divisor of 414 and 318?
6
Calculate the greatest common factor of 8947 and 92.
23
What is the greatest common factor of 108 and 1052379?
27
Calculate the greatest common factor of 11798 and 34.
34
Calculate the greatest common divisor of 165 and 2250.
15
Calculate the greatest common divisor of 112 and 1358.
14
Calculate the greatest common factor of 56 and 24340.
4
Calculate the greatest common divisor of 237866 and 322.
46
Calculate the greatest common factor of 906 and 4228.
302
Calculate the greatest common divisor of 1469384 and 76.
76
Calculate the greatest common factor of 1184 and 662744.
296
Calculate the greatest common divisor of 162 and 23844.
6
What is the highest common factor of 3945 and 225?
15
Calculate the greatest common factor of 46560 and 10573.
97
What is the highest common divisor of 416 and 561860?
52
Calculate the highest common divisor of 8622 and 9216.
18
Calculate the greatest common divisor of 915 and 4453.
61
What is the highest common divisor of 297 and 291159?
99
Calculate the greatest common divisor of 207 and 4002.
69
What is the highest common divisor of 540 and 530?
10
What is the greatest common factor of 1209 and 556946?
403
Calculate the highest common factor of 1768 and 34034.
442
What is the greatest common factor of 1826 and 8549?
83
Calculate the greatest common divisor of 5275 and 7875.
25
What is the highest common factor of 3 and 12633?
3
What is the greatest common divisor of 2937 and 132?
33
What is the highest common divisor of 3861 and 47645?
13
What is the greatest common factor of 46767 and 238?
119
Calculate the greatest common factor of 1561721 and 7.
7
Calculate the highest common divisor of 496 and 23728.
16
What is the highest common factor of 1325082 and 102?
102
What is the greatest common divisor of 4845 and 1403435?
1615
What is the greatest common divisor of 9493 and 143?
11
What is the highest common divisor of 2244 and 8772?
204
What is the highest common divisor of 234 and 4302?
18
What is the greatest common factor of 1936 and 2750?
22
What is the greatest common divisor of 544 and 10268?
68
Calculate the highest common divisor of 104 and 36452.
52
Calculate the highest common divisor of 148031 and 52.
13
Calculate the greatest common factor of 1492 and 1293937.
373
Calculate the greatest common factor of 870 and 19710.
30
What is the greatest common divisor of 315378 and 21?
21
Calculate the highest common divisor of 1216 and 1368.
152
Calculate the greatest common divisor of 219090 and 17331.
327
What is the highest common factor of 35478 and 1533?
219
What is the highest common factor of 1605824 and 32?
32
What is the greatest common divisor of 9940 and 477830?
710
What is the greatest common factor of 4347 and 65044?
161
What is the greatest common factor of 82082 and 10868?
286
Calculate the highest common factor of 1859 and 1716.
143
What is the highest common factor of 39969 and 27?
9
Calculate the greatest common factor of 64 and 42464.
32
What is the highest common divisor of 4718 and 686?
14
Calculate the highest common factor of 111817 and 155.
31
Calculate the highest common factor of 113684 and 4688.
1172
What is the highest common divisor of 303 and 240077?
101
What is the highest common factor of 14687 and 95?
19
What is the greatest common factor of 33 and 94083?
33
Calculate the highest common factor of 97232 and 309.
103
What is the highest common divisor of 22734 and 6750?
54
What is the highest common factor of 41111 and 35?
7
What is the highest common factor of 75646 and 19184?
218
Calculate the greatest common factor of 1 and 5039.
1
What is the highest common divisor of 317836 and 1317?
439
Calculate the greatest common factor of 58703 and 1880.
47
Calculate the highest common divisor of 86726 and 279544.
842
Calculate the highest common factor of 34 and 163523.
17
What is the greatest common factor of 36 and 22404?
12
What is the highest common divisor of 4315 and 37109?
863
Calculate the greatest common divisor of 1965 and 1050.
15
Calculate the highest common divisor of 13 and 479934.
13
What is the greatest common factor of 2497 and 1903?
11
Calculate the greatest common factor of 36 and 51528.
12
What is the greatest common divisor of 30675 and 100?
25
Calculate the highest common divisor of 48219 and 3.
3
Calculate the highest common factor of 27 and 22962.
3
What is the greatest common divisor of 36881 and 65?
13
What is the greatest common factor of 413 and 32480?
7
Calculate the highest common factor of 62 and 94426.
62
Calculate the highest common divisor of 290331 and 432.
27
Calculate the greatest common divisor of 296 and 106344.
8
What is the greatest common divisor of 1517 and 9512?
41
What is the highest common factor of 733691 and 562?
281
Calculate the greatest common factor of 296 and 72298.
74
What 